= 4*g + 4*q. What are the prime factors of g?
29, 1913
Suppose -53*m = 115*m - 736848 - 324072. What are the prime factors of m?
3, 5, 421
Let n(g) = -2*g - 4. Let h be n(3). Let j(q) = 9 + 66*q - 209*q + 81*q + q**2 + 67*q. What are the prime factors of j(h)?
59
Let q be -18*(-2)/(-4)*7. List the prime factors of 383 + (18/q)/((-2)/14).
5, 7, 11
Suppose -64*u + 73*u = 0. Suppose 2*w - 30 = -5*h + 16, -w - 3 = -4*h. Suppose u = k - 2, 5*k - 578 = -w*a + 11*a. List the prime factors of a.
2, 71
Let x = 57 - 42. Suppose 0 = -2*g - x - 835. What are the prime factors of g/(-7) - (2 + (-80)/35)?
61
Let w be (-14)/(-2) + -3 + -2. Suppose 30 = 5*v - 2*k, 3*k = w*v + 4*k - 12. What are the prime factors of ((-516)/36)/((-2)/v)?
43
Let h(q) = -q**2 + 19*q + 2. Let c be h(13). Let m be (-8)/6*(-180)/c. Let y(t) = -t + 6. List the prime factors of y(m).
3
Let d(i) = -13*i**2 - 59*i + 9. Let r(a) = -15*a**2 - 59*a + 11. Let h(o) = 7*d(o) - 6*r(o). What are the prime factors of h(-17)?
3, 79
Suppose 127*p - 1576567 = -394959. What are the prime factors of p?
2, 1163
Let r = -136 + 138. Suppose 430 = 2*g + 3*c, -r*c - 446 = -2*g + 3*c. What are the prime factors of g?
2, 109
What are the prime factors of (-170300)/(-8)*(440/(-25) + 20)?
2, 3, 5, 13, 131
Let w(x) = -40*x + 2. Suppose s + m - 12 = 2*s, 0 = 5*m - 25. List the prime factors of w(s).
2, 3, 47
Suppose -3*y + 930 = -93. Let m = y - -64. Let a = m + -241. What are the prime factors of a?
2, 41
Let t(b) = -283*b**3 - 4*b**2 - 4*b. Let a be t(-1). Let o = 66 + a. What are the prime factors of o?
349
Let p be (115*1/(-4))/(101/(-404)). Let x(v) = 2*v**2 - 4*v + 4. Let d be x(-5). Let s = p - d. What are the prime factors of s?
41
Let v = 22 - 17. Suppose -2*c = 5*h - 13, -4*c = -3*h + v - 18. List the prime factors of c.
2
Let g be 10/5 - 8/2. What are the prime factors of g/8*-3 - 7965/(-36)?
2, 3, 37
Suppose 2*m - x - 34092 = 26926, 3*m - 4*x - 91542 = 0. List the prime factors of m.
2, 7, 2179
Suppose 2*p - 5*h = 5*p - 487, -3*p + 442 = -4*h. Let r be (-6)/45 - p/(-30). Suppose -r*k + 0*k + 400 = 0. List the prime factors of k.
2, 5
Let m(o) = -371*o - 234. What are the prime factors of m(-9)?
3, 5, 23
Let j(g) = -2*g - 23. Let n be 2 - ((-1)/(-3) - 944/6). Let r = 137 - n. What are the prime factors of j(r)?
3, 7
Let n(d) = d**3 - 22*d**2 + 17*d - 5. Let c be (-54)/(-3) + (-1 - -5). What are the prime factors of n(c)?
3, 41
Suppose -h + 1 = 4*r, -5 = -2*r - 5*h + 18. What are the prime factors of (-9)/18*1598*(r + 0)?
17, 47
Let j(b) = -b - 1. Let s(f) be the third derivative of 5*f**4/8 - 10*f**3/3 - 34*f**2. Let m(p) = 5*j(p) - s(p). What are the prime factors of m(-3)?
3, 5
Suppose 11*f = -10 - 1. Let s(z) = z + 1. Let o(q) = -148*q + 9. Let d(u) = o(u) - 5*s(u). List the prime factors of d(f).
157
Let y be 67/((-1)/(0 + 1)) + -2. Let n = 63 + y. List the prime factors of (n/8)/(1/136*-1).
2, 3, 17
List the prime factors of 13409/(45/(-6) - -8).
2, 11, 23, 53
Let h(j) = -j**3 - 39*j**2 + 24*j + 66. What are the prime factors of h(-41)?
2, 13, 47
Let a be 6 - 7/(21/(-9726)). List the prime factors of a/(-87)*(-72)/14.
2, 3
Let m(f) = f**3 - 10*f**2 - 29*f + 24. What are the prime factors of m(25)?
2, 4337
Let p(l) = -4*l - 32. Let x be p(-9). Suppose 0 = x*w - 4*d - 1060, 250 = 4*w - 3*w + 4*d. What are the prime factors of w?
2, 131
Suppose -13*u = -33 - 6. Suppose 2*i = 3*h - 3*i - 5, -2*h - 2 = 2*i. Suppose u*p - 126 - 66 = h. What are the prime factors of p?
2
Suppose 26*h = -35*h - 6*h + 2374078. What are the prime factors of h?
2, 7, 2531
Let j be 2/4*(-2 + 52). Let d = j - 18. Suppose d*s - 185 = 2*s. What are the prime factors of s?
37
List the prime factors of (-12 - (-326)/5)/((-1)/(-30)).
2, 3, 7, 19
Let c(y) = y**3 + 13*y**2 + 3*y + 10. Let b be c(-9). Suppose h = -3*i + 3*h + b, -4*h = -4*i + 412. What are the prime factors of i?
101
Let b = 16938 - 9231. List the prime factors of b.
3, 7, 367
Let x be 3/1 + 6/(-14)*7. Let q(r) = -42*r + 1158. What are the prime factors of q(x)?
2, 3, 193
List the prime factors of (-3512)/(-3) + (-44)/(-6) + -7.
1171
Let u(s) be the second derivative of s**4/6 - 19*s**3/3 + 14*s**2 - 92*s. What are the prime factors of u(19)?
2, 7
Suppose -31*v = -89*v + 460404. Suppose -42*a + 51*a = v. What are the prime factors of a?
2, 3, 7
Let m(n) be the first derivative of 5*n**3/3 - 3*n**2 - 12*n - 54. List the prime factors of m(12).
2, 3, 53
Let i(p) = 434*p + 4320. What are the prime factors of i(30)?
2, 3, 5, 17
Let b(g) = 2*g**2 - 4*g + 9. Let l be b(4). Suppose v + l = 5*s - 4*v, 0 = 3*v + 6. Let r = s + 43. List the prime factors of r.
2, 23
Let p(v) = -146*v - 56. Let r be 0 - 2 - 1/((-5)/(-10)). List the prime factors of p(r).
2, 3, 11
What are the prime factors of (-160160)/(-54) - (-15)/3645*18?
2, 1483
Let i = -667 - -665. What are the prime factors of (-3)/i - (10681/2)/(-11)?
487
Let g(k) = 548*k**2 + 964*k**2 + 0 - 2 + 335*k**2. What are the prime factors of g(1)?
3, 5, 41
Let c be (-45 - -30) + (-1 - -3). Let a(u) be the third derivative of u**5/60 + 5*u**4/12 - 9*u**3/2 + 3*u**2. List the prime factors of a(c).
2, 3
Suppose 11*o = 40*o - 5*o - 49200. What are the prime factors of o?
2, 5, 41
Let p be (-22012)/6 - 4/12. What are the prime factors of p/(-19) + (-16)/152?
193
What are the prime factors of 322/69*(-1146)/(-4)?
7, 191
Let b(p) = -13*p**2 - 24*p + 16. Let q(g) = 53*g**2 + 98*g - 65. Let t(m) = -9*b(m) - 2*q(m). What are the prime factors of t(8)?
2, 5, 17
Let y(z) = 13 - 9*z**2 + z**2 + 3*z**2 - 7*z + 4*z**2. Let m be y(-7). Let o = 121 + m. What are the prime factors of o?
2, 67
Suppose 4*t = 5*z - 2*z + 21, -2*t + 3 = z. Suppose 0 = -t*q + k - 3*k + 120, -26 = -q + 4*k. List the prime factors of q.
2, 19
Let m(b) = 679*b - 9914. List the prime factors of m(100).
2, 79, 367
Suppose 3 + 5 = 2*r. Suppose 0 = -2*z - 3*z + r*x + 22, 3*z = 3*x + 15. Suppose 141 = z*d - 35. What are the prime factors of d?
2, 11
Let y = -6 - -12. Suppose -b - y*b = -63. List the prime factors of -1 - (-1 + 0 - b).
3
Let j = -21734 + 31362. List the prime factors of j.
2, 29, 83
Suppose 4*s - 22080 = -f, -1109*f = -1107*f + 2*s - 44184. What are the prime factors of f?
2, 1381
Let y(m) = 169*m**2 + 2 - m + 3*m**3 - 4*m**3 - m - 83*m**2 - 97*m**2. Suppose -2*s + 28 = -2*l - 0*s, 4*l - 2*s = -50. What are the prime factors of y(l)?
2, 3
Let t(q) = -3*q**2 - 14*q - 12. Let z be t(-3). Suppose -2*l - 3*s = -1504, -2*l - z*l - s = -3760. What are the prime factors of l?
2, 47
Suppose -8 = -5*n + 2. Suppose -n*h + 11 = 3. Suppose -4*y = -h*k - y + 583, 3*y - 553 = -4*k. List the prime factors of k.
2, 71
Suppose -y - 2 = 0, -5*n = -4*n - 2*y - 1507. Suppose n = 3*g - 3*z, -4*g + 1296 = z - 703. Suppose 64 = 6*f - g. What are the prime factors of f?
2, 47
Suppose 0 = -5*u - 5331 - 929. Let p = u + 1849. What are the prime factors of p?
3, 199
Let s = 201 - 197. Suppose -s*i = -32*i + 3332. What are the prime factors of i?
7, 17
Let i = -143 + 195. Let o = i - 26. List the prime factors of o.
2, 13
List the prime factors of (-450973)/(-61) + (0 - -12).
5, 1481
Let n(u) = -743*u + 546. What are the prime factors of n(-1)?
1289
Let l(z) = 7393*z + 1805. List the prime factors of l(6).
13, 53, 67
Let c = -3 - -30. Let d be c/(-2) + 3/(-2)*1. Let w = 42 - d. What are the prime factors of w?
3, 19
Suppose 71*j = -5*n + 72*j + 58618, -4*n - 5*j + 46906 = 0. List the prime factors of n.
2, 3, 977
Suppose 2*x - 4*x = -90. What are the prime factors of (-132 + 0)/((-30)/x)?
2, 3, 11
Let j be (-2142)/4*(7 - (-6 - -15)). Suppose -3*l + 1769 = -23*i + 28*i, -3*l = -3*i + j. List the prime factors of i.
5, 71
Let h(y) be the first derivative of -3*y**2 + 8/3*y**3 - 14*y + 28 - 1/4*y**4. What are the prime factors of h(6)?
2, 11
Let a(o) = -o**3 + 5*o**2 - 5*o + 3. Let s be a(3). Suppose 598 + 830 = s*f. What are the prime factors of f?
2, 7, 17
Let p be 498 + 2/2 + 3 + -2. Let r = p - 73. What are the prime factors of r?
7, 61
Let l(t) = -t**3 + 10*t**2 - 12*t + 39. Let w be l(9). List the prime factors of (-28)/w + (-6416)/(-6).
11, 97
Suppose 3*k - 402 = 3*y, 8*y - 4*y + 566 = -2*k. Let n = y - -174. What are the prime factors of 7/(n/(-160))*(0 - 1)?
2
List the pri